 + 6. What are the prime factors of ((-45)/(-6))/(t/(-30))?
3, 5
Let k(q) = 144*q**2 - 8*q + 18. Let h(n) = 146*n**2 - 9*n + 19. Let c(l) = -5*h(l) + 6*k(l). List the prime factors of c(3).
2, 5, 11
Let k = 940 - -2082. What are the prime factors of k?
2, 1511
Let w(k) = -18*k - 90. Let c be w(-5). Suppose m - 182 - 10 = c. What are the prime factors of m?
2, 3
Let z be (12/(-15))/((-12)/(-30)). What are the prime factors of z/(4/(-6324)*6)?
17, 31
What are the prime factors of -20 - ((0 - -16) + -19276)?
2, 5, 13, 37
Let f(n) = 68*n**2 - 9*n + 7. Let l be f(5). Let j be (0 + l/(-9))/(10/(-45)). Suppose 2*c - j = -c. List the prime factors of c.
277
Let d = 143 - 689. Let g(c) = 53*c**2 + 4*c + 4. Let s be g(-4). Let m = d + s. What are the prime factors of m?
2, 5, 29
Let k = -11102 - -51776. List the prime factors of k.
2, 3, 6779
Suppose 0 = -14*m - 7 - 7. Let f(g) = 13*g**2 - 3*g - 3. Let y be f(m). Suppose 2*j + 1980 = y*j. List the prime factors of j.
2, 3, 5
Suppose 0 = 2*z - 2*n + 74, 4 = -5*n + 19. What are the prime factors of 355 + 2 - (39 + z)?
2, 11
What are the prime factors of (12/4)/(45/70545)?
4703
Let u(y) = 878*y + 3144. What are the prime factors of u(7)?
2, 5, 929
Let c = 4117 + -1503. List the prime factors of c.
2, 1307
Suppose z - 4*o = 17023, -4*z - 30*o = -27*o - 67959. What are the prime factors of z?
3, 5, 11, 103
Let o = 55 - -36. Suppose -4*f = -3*x + o, 0*x + 28 = -f - x. Let a = 52 + f. List the prime factors of a.
3
Suppose 231*l - 20 = 226*l. Suppose l*o + 1816 = 2*y, 8*y - 3*y + 5*o = 4555. List the prime factors of y.
2, 5, 7, 13
Let d(x) = -x**3 + x**2 - x + 208. Let a be d(0). Let n = -146 + a. Let w = n - -15. What are the prime factors of w?
7, 11
Suppose 81*g - 11 = 92*g. What are the prime factors of 7 - 4 - (g - 443)?
3, 149
Let a = -14980 + 21022. What are the prime factors of a?
2, 3, 19, 53
Suppose 4*z + 12 - 4 = 0, 5*z = -2*j + 122. Suppose -4*f = -7*f + j. List the prime factors of f.
2, 11
Let v = 414 + -166. Suppose 254*c - 1218 = v*c. What are the prime factors of c?
7, 29
Suppose -2*r + 0*r - 12 = 0, -2*r - 23079 = -3*h. What are the prime factors of h?
3, 11, 233
Let u = 422 + 10794. What are the prime factors of u?
2, 701
Let v be (1642/(-3) - -11)*-11*3. Suppose -52*j = -9133 - v. What are the prime factors of j?
2, 3, 43
Let u = -4018 + 11142. List the prime factors of u.
2, 13, 137
Suppose k + 3*k - 60 = j, -4*k = j + 36. Let g = -285 - -344. Let l = g + j. List the prime factors of l.
11
Suppose 0 = 3*n - 2*n. Suppose -2*y = 2, n*f - 2318 = -4*f - 2*y. List the prime factors of f.
2, 5, 29
Suppose -5974 - 2170 = -4*s. What are the prime factors of (-9)/(-12) + s/16?
2
Let j(r) = -r**2 - 169*r + 982. List the prime factors of j(-100).
2, 7, 563
Suppose 3*v - 4 = 5. Suppose f + 1 = j - v*j, 0 = -j + 5*f - 28. Let n(t) = 11*t**2 + 7*t + 12. List the prime factors of n(j).
2, 3, 5
Suppose a - 23304 = 4*y, -16*a + 96894 = 5*y - 275625. What are the prime factors of a?
2, 5821
Let y = -67 - -158. Let x = 97 - y. What are the prime factors of (-82*5)/(x + 32/(-4))?
5, 41
Suppose 4829 = 5*d + 2*u - 10779, -3*d = -3*u - 9348. Suppose -k - d = -14*k. List the prime factors of k.
2, 3, 5
Let b = -210 - -216. Let c(x) = 64*x - 1. List the prime factors of c(b).
383
Suppose 19*m + 92466 = 688515. List the prime factors of m.
3, 10457
Let q be (-11)/(-33) - 1/3. Let r = 281 + -276. Suppose 4*i + q*d - 671 = d, 0 = -4*i - r*d + 701. What are the prime factors of i?
13
Let s = 111 + -77. List the prime factors of 10/85 - (-1798)/s.
53
Let y be 1/2*(-3 - -15). Suppose -4*t = y*f - 3*f - 180, 0 = -3*f - 3*t + 177. Let g = -47 + f. What are the prime factors of g?
3
Let s = 43915 - 25325. List the prime factors of s.
2, 5, 11, 13
Let c(x) = -17*x**3 + 16*x**3 + 8*x + 9*x**2 - x + 7*x - 1. List the prime factors of c(10).
3, 13
Suppose 44*i + 375130 - 565101 = 764873. List the prime factors of i.
21701
Suppose 236 = v + 233. Suppose v*z + 29*z = 6752. List the prime factors of z.
211
Let o = 27994 - -35563. List the prime factors of o.
13, 4889
Let b(u) = -66*u**3 - 11*u**2 - 15*u - 13. Let h(i) = 65*i**3 + 12*i**2 + 16*i + 14. Let z(t) = 7*b(t) + 6*h(t). List the prime factors of z(-2).
3, 7
Let d(l) = -l**3 - 11*l**2 - 10*l + 4. Let i be d(-10). Let t be 7/i - (-10)/40. Suppose z + 5*g = -0*z + 21, -50 = -2*z - t*g. List the prime factors of z.
2, 13
Suppose -25*d + 141859 = -376497 - 418269. List the prime factors of d.
5, 59, 127
Suppose 0 = -5*m - s + 11, 3*s = 2*m - 0*s - 1. Suppose 0 = -m*y - 2*h + 824, 2*h = 2*y + 356 - 1200. What are the prime factors of y?
3, 139
Let z(p) = 8*p**2 - 18*p + 1. Let q be -3 + 8/(56/77). List the prime factors of z(q).
3, 41
Let f = -198 + 143. Let a(t) = -t**3 - 56*t**2 - 57*t + 81. List the prime factors of a(f).
191
Let f = -27816 + 107356. What are the prime factors of f?
2, 5, 41, 97
Let y = 43 - 40. What are the prime factors of (-1 - y/2)*(-752706)/1315?
3, 53
Let h(w) = -19*w**3 + 0*w**2 - 5 - 2*w**2 - 5*w + 3*w**3. Suppose 53*j + 20 = 43*j. List the prime factors of h(j).
5
Let o(x) = -1115*x + 18. Let d be o(-3). Suppose -6*s = 13*s - d. List the prime factors of s.
3, 59
Let f(t) = 17*t**2 + 34*t + 188. Let q be f(-8). Let v = q + -673. List the prime factors of v.
331
Suppose 6 = -5*o + 3*a - 66, -3*a - 18 = o. List the prime factors of -6*o/(-10) - -787.
2, 389
Let u(n) = 5*n**2 - 15*n - 5. Let y be u(11). Let q(x) = 3*x**2 - y*x + 437*x + 3 - 4*x**2 - 13*x**3. What are the prime factors of q(-2)?
3, 11
Suppose w - 354 = g + 229, 2907 = 5*w + 3*g. Let s = w - 185. What are the prime factors of s?
397
Let i = 811 - -770. What are the prime factors of i?
3, 17, 31
Let y = -158 + 153. What are the prime factors of y*12/(-20) + 167?
2, 5, 17
Let r(o) = 2805*o - 3227. What are the prime factors of r(8)?
19213
Suppose 4*x - 139553 = -3*j, -83*j = -89*j - 6. List the prime factors of x.
139, 251
Suppose -5*s - 2*t + 21 = 0, -2*s + 5*t - 6 = 3. Suppose -s*v - 30*l + 3494 = -29*l, -4*l = 5*v - 5828. List the prime factors of v.
2, 3, 97
Suppose -143995 - 313367 = 1249*i - 1267*i. List the prime factors of i.
25409
Let v = 136 - 188. Let j = v + 54. Suppose -2*r - h + 2*h + 159 = 0, -j*h = -2*r + 154. List the prime factors of r.
2, 41
Let y = -7561 - -16332. What are the prime factors of y?
7, 179
Suppose -4*m - 2*d = -12, -3*m + 0*m + 22 = -5*d. Suppose -m*q = q - 4*u, -4*q + u = 0. Let h = q - -11. List the prime factors of h.
11
Suppose 3456*c = 3452*c + 4100. List the prime factors of c.
5, 41
Let p = -8258 - -14823. What are the prime factors of p?
5, 13, 101
Suppose 3*x - t - 24 = -x, -51 = -5*x - 4*t. List the prime factors of 1095 + (x - 11 - 4).
1087
Let o = -38 - -54. Suppose o = 3*h + 1. Suppose 4*z + 217 = 3*c + 3*z, h*c - 4*z - 371 = 0. What are the prime factors of c?
71
Let d be 1*2 + 2984/(1 + 3). Suppose 192 - d = -2*l. List the prime factors of l.
2, 139
Suppose 54*f = 27*f + 61884. List the prime factors of f.
2, 3, 191
List the prime factors of (-79)/(7742/(-1186416)) + (-2)/7.
2, 6053
Let c be 20/(-5) - ((2 - 9) + 1). List the prime factors of 1/(-1) + c - (-1220 - 21).
2, 3, 23
Let x(r) = -99*r - 31 + 80*r - 12 + 42*r**2. What are the prime factors of x(-2)?
163
List the prime factors of 4/(-46) - (-51435657)/2093.
5, 983
Let p(a) = -2*a - 33. Let j = 46 + -61. Let q be p(j). List the prime factors of q/2*12/(-9).
2
Suppose -299*p = -308*p + 25236. What are the prime factors of p?
2, 701
Let c(r) = -1243*r + 9. Suppose -14 = -5*v - j - 17, 0 = -2*v - 4*j + 6. What are the prime factors of c(v)?
2, 313
List the prime factors of (-19356)/(-8)*224/21.
2, 1613
Suppose 27 = 13*y - 12. Suppose 3*q = y*g, 4*g + 6*q = q - 36. What are the prime factors of ((-194)/g)/((-1)/(-2))?
97
Suppose -4*a + 12 + 0 = 0. Let u(h) be the third derivative of h**6/120 + h**5/30 - 5*h**4/24 + 2*h**3/3 + 3*h**2. List the prime factors of u(a).
2, 17
Let t(z) = -z**2 - 26*z - 85. Let k(j) = 31*j + 11. Let s be k(-1). What are the prime factors of t(s)?
5, 7
Let b = -244 + 237. Let k(c) = -29*c + 87. List the prime factors of k(b).
2, 5, 29
Let y = 9971 + -7177. List the prime factors of y.
2, 11, 127
List the prime factors of -13 + (-4020)/(-24)*6 + 1.
3, 331
Sup